mon factor of 11 and f?
11
Let w = -36 + 36. Suppose w = -3*x + 12, -f + x - 93 = -305. Let a(y) = -y**2 - 12*y - 3. Let k be a(-9). What is the greatest common factor of f and k?
24
Suppose 20 = 9*z - 25. Let c(h) = 4*h**2 - 4*h - 12. Let d be c(z). Let i be (-15)/(-2)*(-68)/(-3). Calculate the greatest common factor of d and i.
34
Suppose -3*r - 40 = -4*v, 2*r = -5*v - r + 50. Let j be (27/3)/(2/v). Let b be (18/(-4))/(-1)*2. What is the highest common factor of b and j?
9
Let z = -25 - -35. Suppose 83 = -n + 92. Suppose 254 - 74 = n*i. Calculate the highest common factor of i and z.
10
Let a = 1058 + -463. Suppose -7*z + a = 126. Let c = 79 - z. What is the greatest common factor of 48 and c?
12
Suppose -79 = m - 149. Let w = 100 + -60. Suppose 4*x = -0 + w. Calculate the greatest common divisor of m and x.
10
Suppose -191 = -4*n + 177. Let l be (340/(-25))/((-5)/(-25)). Let u = n + l. Calculate the highest common factor of u and 6.
6
Let r be (-1456)/(-64) - (30/(-4))/(2 - -4). What is the greatest common divisor of r and 19752?
24
Let d(b) = 6*b + 5. Let a be d(-6). Let j = 35 + a. Suppose j*l - 14 = 406. Calculate the highest common divisor of l and 42.
21
Let l = 196 - 196. Suppose 5*j + 1209 = 4*c, 4*c + 4*j - 437 - 763 = l. What is the greatest common factor of c and 43?
43
Let q(i) = i**2 + i - 1. Let z(m) = -6*m**2 - 13*m - 8. Let x(g) = -4*q(g) - z(g). Let h be x(-8). What is the highest common divisor of 272 and h?
68
Let q be (-327)/6*(3 + -4)*6. Suppose -224 = -19*w + q. What is the highest common divisor of w and 29?
29
Let n be (244/14)/((-8)/(-56)). Suppose -2*x - 2*y = -n, 0 = x + 3*x - y - 219. Suppose g - 56 = -6*g. What is the highest common factor of x and g?
8
Suppose -4*y - 230 - 674 = 0. Let a = -142 - y. Suppose -5*g = 2*t - 113, 3*g - 7*g = -4*t - 68. Calculate the greatest common divisor of a and g.
21
Suppose 3*a - 27 + 18 = 0. Let x(b) = 2*b**3 - 4*b**2 + 3*b - 9. Let i be x(a). Let q be ((-2)/(-3))/(4/54). What is the highest common factor of i and q?
9
Suppose 4*n - 9*n = 20, 4*v - n = 1292. Calculate the highest common divisor of v and 207.
23
Suppose 0 = 2*x - 5*o - 69, -x + 59 = 54*o - 53*o. What is the greatest common divisor of 2977 and x?
13
Suppose 6101*v = 6111*v - 5600. Calculate the highest common divisor of v and 720.
80
Suppose -1241 - 4165 - 10676 = -22*i. Calculate the highest common factor of 51 and i.
17
Suppose -1200 = -5*c + 3060. Suppose -16 = -4*t + c. Let n = 312 - t. What is the highest common divisor of 19 and n?
19
Let m(z) = 100*z + 85*z - 223*z - 159 + 66*z. Let d be m(9). Calculate the greatest common divisor of 3 and d.
3
Suppose -852 - 183 = -9*p. What is the greatest common factor of p and 1104?
23
Suppose 2*a - 76 = -3*k + 110, -5*k + 174 = 2*a. Calculate the highest common divisor of 2584 and a.
34
Let y(g) = 55*g + 562. Let u be y(-10). Suppose 3*o + 110 = 4*a - 10, -o - 90 = -3*a. What is the greatest common factor of u and a?
6
Let j be (13/((-78)/2268))/(1*12/(-40)). Calculate the greatest common factor of j and 1860.
60
Suppose -2946 = -9*a - 18000 + 74958. Calculate the highest common divisor of a and 52.
52
Suppose 20*z - 18*z = 292. Let q = 260 - z. Suppose -5*o - o = -q. What is the highest common factor of 95 and o?
19
Suppose 35*d = 10*d - 2*d + 3591. What is the highest common factor of 112 and d?
7
Let g(z) = -1307*z - 1299. Let x be g(-1). What is the greatest common factor of 32888 and x?
8
Let x(j) = -64*j - 140. Let n(u) = u - 1. Let b(v) = 3*n(v) - x(v). Let z be b(-2). Calculate the highest common factor of 6 and z.
3
Suppose -31*l - 66144 = -0*l - 221206. What is the greatest common divisor of l and 610?
122
Let m(h) = 7*h**2 - 10*h + 45. Let n be m(6). What is the greatest common divisor of 869 and n?
79
Let m be (-6)/(-4)*(-9 + (-344)/(-24)). What is the greatest common factor of 1960 and m?
8
Let d(o) = -o**2 + 17*o - 57. Suppose -2*a - 3*a = -l - 15, -5*a + 20 = 0. Let m be d(l). What is the highest common divisor of m and 33?
3
Suppose -24*r - 33*r - 97 + 8419 = 0. What is the highest common factor of 1971 and r?
73
Suppose 0 = 13*v - 656 + 19. Calculate the greatest common factor of 5047 and v.
49
Suppose 3*k - 40*m - 2 = -44*m, k - 2*m = 14. What is the greatest common factor of 1614 and k?
6
Suppose 268*a + 4032 = 289*a. Calculate the greatest common divisor of 864 and a.
96
Let m = 3128 + -3117. What is the highest common divisor of m and 3487?
11
Let q = 310 + -467. Let t = -102 - q. Suppose 4*y - 44 = 2*m - m, 5*m - t = -5*y. Calculate the highest common divisor of 99 and y.
11
Let k be 49*-4*(-9)/42. Let v be ((-160)/(-25))/((-1)/5). Let i = k + v. What is the highest common divisor of 80 and i?
10
Suppose -78*b + 198 = 3*t - 75*b, 0 = t - 3*b - 82. Suppose 0*s + 2*s = 252. Calculate the highest common factor of s and t.
14
Let n = -346 + 439. Suppose 7 = -5*p + 2*q + 120, -5*p - 3*q + n = 0. What is the highest common factor of 51 and p?
3
Let o(r) = 28*r**2 + 96*r - 80. Let q be o(12). What is the highest common factor of 66 and q?
22
Let s = -28 + 70. Suppose 8*i = s + 46. Let x(l) = l**2 - 22*l + 32. Let n be x(21). What is the highest common divisor of n and i?
11
Let k(j) = 19*j**2 - 46*j + 4. Let n be k(4). What is the highest common factor of n and 93?
31
Let y = 2696 + -2657. What is the greatest common divisor of 208 and y?
13
Suppose 19120 = 190*f + 1260. What is the highest common factor of 32 and f?
2
Suppose -72*u - 78*u + 122100 = 0. What is the highest common factor of 44 and u?
22
Let i(f) = f**2 - 22. Let g be i(8). Suppose 22 - 58 = -x - x. Calculate the highest common factor of g and x.
6
Let i = 10506 + -9167. What is the greatest common divisor of 39 and i?
13
Let x be (-586)/(-1172) - (474/(-4))/3. Calculate the highest common factor of x and 800.
40
Suppose 3*k - 251 = 2*t, -2*t - 430 = -5*k - t. Let r = -18299 - -18357. Calculate the greatest common factor of k and r.
29
Let p = 6701 - 6476. What is the greatest common divisor of 600 and p?
75
Suppose 15*r - 1127 = -167. Suppose i - 3*l - 495 = -4*i, 3*i - 3*l = 303. Calculate the greatest common divisor of i and r.
32
Let y be ((-102)/24 - -6)/((-1)/12). Let z = -14 - y. Suppose 12 + 86 = z*s. What is the greatest common factor of s and 98?
14
Suppose -525 = d - 16*d. Let b(y) = 3 + 139*y + y**2 - 139*y. Let m be b(2). Calculate the greatest common divisor of d and m.
7
Let x = 472 - 317. Suppose 4*r - x = 5*t, 4 = 6*t - 2*t. Let f be 50*(r/(-25) + 2). Calculate the highest common factor of f and 8.
4
Let y be 19 + 954/48 + 2/16. What is the greatest common factor of y and 130?
13
Let o be (1 - (-2899)/7) + (-216)/1512. Calculate the greatest common factor of o and 10.
5
Let i = -501 + 505. Suppose -3*r = 5*v - 11 - i, 5*v = 2*r - 10. Suppose 109 = 3*p - 56. What is the highest common divisor of r and p?
5
Let m(a) = -a**3 - 15*a**2 - 53*a - 10. Let n be m(-10). Suppose 19*f - n*f + 57 = 0. Calculate the greatest common divisor of 6 and f.
3
Let p(x) = 9*x + 41. Let m be p(-1). Let h be 2/7 - 38/(-14). Suppose 0 = -h*q + 12 + 36. Calculate the greatest common factor of m and q.
16
Suppose -1690 - 368 = -6*p. Let j = p - 271. Let k = 32 + 16. What is the highest common divisor of j and k?
24
Let u = -171 + 385. Calculate the greatest common factor of u and 10.
2
Let d = -18248 + 26455. What is the highest common factor of 29 and d?
29
Suppose 0 = 5*p - 25, -4*k + 5378 + 8613 = -5*p. What is the greatest common divisor of 48 and k?
48
Suppose 5*m - 79 + 4 = 0. Let r = 259 - 203. Suppose 0 = 2*u - j - r + 40, -16 = 4*j. Calculate the greatest common factor of m and u.
3
Let j = 228 + -229. Let h(r) = -1122*r**3 + 2*r**2 + 3*r + 1. Let z be h(j). What is the greatest common divisor of 17 and z?
17
Suppose 5*o - 84 = -7*o. Let x = 73 - o. Suppose 0 = -c + x - 56. Calculate the greatest common divisor of c and 25.
5
Suppose 34*b + 21*b = b + 3240. Calculate the highest common factor of 4116 and b.
12
Let h = -8683 - -9115. What is the highest common divisor of h and 24?
24
Let w(b) = -2*b - 22. Let q be w(-12). Let s = 0 + q. Let y be (s/2)/(5/(30/6)). What is the highest common factor of 11 and y?
1
Let s(h) = 25 - 8*h + 0 - 2. Let t be s(-23). Suppose -2*n + t = 31. Calcu